{"version":"1.0","provider_name":"Grad Podsreda | Sobe in apartmaji | Grajska ponudba","provider_url":"https:\/\/castlepodsreda.com\/en\/","title":"OPENING OF THE EXHIBITION \"Biodiversity - The Art of Living 2022\" | Grad Podsreda | Sobe in apartmaji | Grajska ponudba","type":"rich","width":600,"height":338,"html":"<blockquote class=\"wp-embedded-content\" data-secret=\"iGfwTtV4Dn\"><a href=\"https:\/\/castlepodsreda.com\/en\/odprtje-razstave-biodiverziteta-umetnost-zivljenja-2022\/\">OPENING OF THE EXHIBITION &#8220;Biodiversity &#8211; The Art of Living 2022&#8221;<\/a><\/blockquote><iframe sandbox=\"allow-scripts\" security=\"restricted\" src=\"https:\/\/castlepodsreda.com\/en\/odprtje-razstave-biodiverziteta-umetnost-zivljenja-2022\/embed\/#?secret=iGfwTtV4Dn\" width=\"600\" height=\"338\" title=\"&#8220;OPENING OF THE EXHIBITION &#8220;Biodiversity &#8211; The Art of Living 2022&#8221;&#8221; &#8212; Grad Podsreda | Sobe in apartmaji | Grajska ponudba\" data-secret=\"iGfwTtV4Dn\" frameborder=\"0\" marginwidth=\"0\" marginheight=\"0\" scrolling=\"no\" class=\"wp-embedded-content\"><\/iframe><script type=\"text\/javascript\">\n\/*! This file is auto-generated *\/\n!function(c,d){\"use strict\";var e=!1,o=!1;if(d.querySelector)if(c.addEventListener)e=!0;if(c.wp=c.wp||{},c.wp.receiveEmbedMessage);else if(c.wp.receiveEmbedMessage=function(e){var t=e.data;if(!t);else if(!(t.secret||t.message||t.value));else if(\/[^a-zA-Z0-9]\/.test(t.secret));else{for(var r,s,a,i=d.querySelectorAll('iframe[data-secret=\"'+t.secret+'\"]'),n=d.querySelectorAll('blockquote[data-secret=\"'+t.secret+'\"]'),o=new RegExp(\"^https?:$\",\"i\"),l=0;l<n.length;l++)n[l].style.display=\"none\";for(l=0;l<i.length;l++)if(r=i[l],e.source!==r.contentWindow);else{if(r.removeAttribute(\"style\"),\"height\"===t.message){if(1e3<(s=parseInt(t.value,10)))s=1e3;else if(~~s<200)s=200;r.height=s}if(\"link\"===t.message)if(s=d.createElement(\"a\"),a=d.createElement(\"a\"),s.href=r.getAttribute(\"src\"),a.href=t.value,!o.test(a.protocol));else if(a.host===s.host)if(d.activeElement===r)c.top.location.href=t.value}}},e)c.addEventListener(\"message\",c.wp.receiveEmbedMessage,!1),d.addEventListener(\"DOMContentLoaded\",t,!1),c.addEventListener(\"load\",t,!1);function t(){if(o);else{o=!0;for(var e,t,r,s=-1!==navigator.appVersion.indexOf(\"MSIE 10\"),a=!!navigator.userAgent.match(\/Trident.*rv:11\\.\/),i=d.querySelectorAll(\"iframe.wp-embedded-content\"),n=0;n<i.length;n++){if(!(r=(t=i[n]).getAttribute(\"data-secret\")))r=Math.random().toString(36).substr(2,10),t.src+=\"#?secret=\"+r,t.setAttribute(\"data-secret\",r);if(s||a)(e=t.cloneNode(!0)).removeAttribute(\"security\"),t.parentNode.replaceChild(e,t);t.contentWindow.postMessage({message:\"ready\",secret:r},\"*\")}}}}(window,document);\n<\/script>\n","thumbnail_url":"https:\/\/castlepodsreda.com\/wp-content\/uploads\/2023\/04\/ODPRTJE-RAZSTAVE_grad-Podsreda_podsreda-castle_photographic-exhibition_3.jpg","thumbnail_width":1417,"thumbnail_height":1280,"description":"Kozjanski park in grad Podsreda ob Svetovnem dnevu Zemlje, 21. aprila, ob 18. uri, vabita na ODPRTJE RAZSTAVE IN PODELITEV PRIZNANJ FOTOGRAFSKEGA NATE\u010cAJA \u00bbBiodiverziteta \u2013 umetnost \u017eivljenja 2022\u00ab in ZAKLJU\u010cEK LITERARNEGA NATE\u010cAJA na temo opra\u0161evalcev. Dogodek bo na gradu Podsreda."}

Kozjanski park in grad Podsreda ob Svetovnem dnevu Zemlje, 21. aprila, ob 18. uri, vabita na ODPRTJE RAZSTAVE IN PODELITEV PRIZNANJ FOTOGRAFSKEGA NATEČAJA »Biodiverziteta – umetnost življenja 2022« in ZAKLJUČEK LITERARNEGA NATEČAJA na temo opraševalcev. Dogodek bo na gradu Podsreda.
